g)/(-16) + (-1545)/(-120).
9
Suppose 909*i - 728 = 907*i. What is the remainder when 737 is divided by i?
9
Let c(z) = -72*z - 1478. Calculate the remainder when 514 is divided by c(-21).
4
What is the remainder when 852 is divided by (-486 + -2)*(-70)/280?
120
Let h(c) = -39*c + 13. Let p(w) = -19*w + 6. Let n(g) = 2*h(g) - 5*p(g). Let d be n(1). Suppose -d = -3*m + 17. Calculate the remainder when 32 is divided by m.
2
Suppose -4*w + 63*i + 6075 = 68*i, 4*w - 4*i - 6120 = 0. What is the remainder when w is divided by 152?
5
Suppose -5*t + 44 = -6. Let h = 332 - 280. What is the remainder when h is divided by t?
2
Let q = 61 - 61. What is the remainder when 28 is divided by q/((-2)/1) - 240/(-48)?
3
Let w be 0 + -5 - (-34 - -20). Suppose -4*j = -w*j - 20. Calculate the remainder when (1 - -25) + 0*j/(-20) is divided by 10.
6
Suppose 10*y = -3*d + 5*y - 1518, -3*y = 0. Let z = 589 + d. Let o = 106 - 64. Calculate the remainder when z is divided by o.
41
Let a(o) = -2059*o - 37. Let j be a(-1). Suppose 2*c - 2511 = -5*v, 4*v - 14*c - j = -9*c. Calculate the remainder when v is divided by 36.
35
Suppose 0 = 7*x - 57 - 860. Suppose 0 = -u + 3*u - 214. Let s = u - 74. What is the remainder when x is divided by s?
32
Suppose 2*k = 818 + 908. Suppose 14*l + 681 = k. Calculate the remainder when 74 is divided by l.
9
Let k(z) = 3*z**2 - 2*z - 1. Suppose 5*y = a - 8, 0*y = 4*y + 3*a + 14. Let r = -100 - -155. What is the remainder when r is divided by k(y)?
10
Suppose 4*w + h = 290, 187 + 109 = 4*w - 2*h. Let b = -30 + 28. What is the remainder when w is divided by (4/b)/((-9)/72)?
9
Suppose -2*k + 6*k = 512. Suppose -5*a + 174 = -2*v, 1581*a - 1578*a + 5*v = 154. Calculate the remainder when k is divided by a.
14
Let r(o) = 5*o - 42. Let n(a) = a**3 + 9*a**2 - 10*a + 12. Suppose 8*h - 5*h = -30. Let c be n(h). Calculate the remainder when 71 is divided by r(c).
17
Let m(q) = 5*q + 1. Let r(p) = 11*p + 1. Let h(j) = 13*m(j) - 6*r(j). Suppose -v + 15 = 4*v. Calculate the remainder when h(2) is divided by v.
2
Let i(s) = -7*s**3 + 2*s**2 - 21*s - 47. Calculate the remainder when i(-5) is divided by 89.
4
Suppose -13*s - 10*s + 16399 = 8*s. Calculate the remainder when s is divided by 5.
4
Let u(f) = 2*f**2 - 8*f + 16. Let q(t) = 2*t + 283. What is the remainder when q(-43) is divided by u(6)?
37
Let h(o) = -o**3 + 12*o**2 - 8*o - 6. Suppose -24490 - 1463 = -123*l. Calculate the remainder when l is divided by h(11).
22
Suppose 405*w = 51*w + 2478. Calculate the remainder when 474 is divided by w.
5
Let l = -4091 + 4120. What is the remainder when 2551 is divided by l?
28
Suppose -d = -4*o + 612, 14*o = 16*o - 3*d - 296. Suppose 4*i = -0*i - 2*b + o, -3*b = -15. What is the remainder when 0/(-1) + 3 - -68 is divided by i?
35
Let o(s) = -s**3 - 41*s**2 - 243*s + 23. What is the remainder when 6147 is divided by o(-7)?
57
Let l be (3 + 2)*(5 + 1079/5). Let x = l - 683. What is the remainder when x is divided by 8?
5
Suppose -3*g + 0*g + 330 = -4*l, 5*g = l + 567. Let i = 288 + -247. Calculate the remainder when g is divided by i.
32
What is the remainder when 45 is divided by 4 + -6 + (-3 - -17)?
9
Suppose -41*m = -12*m - 406. Suppose 4*f - 4 = 4. Suppose -f*a = -5 - 5. Calculate the remainder when m is divided by a.
4
Let n(i) = 3*i - 6. Let c be n(3). Let x(k) = 3*k**2 + 1 + 9*k**3 + k + 6*k**c + 4*k**3 - 26*k**3. What is the remainder when x(-2) is divided by 17?
16
Suppose 15 = -3*z, -903 = -5*w - z + 977. Suppose 348 = -h + w. Suppose 25 = -4*x - x, -3*x = 4*s - 205. Calculate the remainder when s is divided by h.
26
Let p = 4637 + -4524. Calculate the remainder when p is divided by 106.
7
Suppose -56 = h - 8*h. Suppose -h*j = -0*j - 600. What is the remainder when j is divided by 19 + (2/(-1) - -2)?
18
Let g = 14 + -12. Suppose 0 = 5*d + 4*k - 17, -2*d - g*k + 10 - 2 = 0. Calculate the remainder when 6 is divided by 1*(16/28)/(d/7).
2
Suppose 2*f = 636 + 46. Suppose 0 = -2*u - 8, -4*l - f = -5*l - u. What is the remainder when l is divided by 58?
55
Let i(z) = -50*z - 1602. What is the remainder when 10680 is divided by i(-34)?
96
Let n = -5 + 13. Let y(q) = -q**2 + 27*q - 14. Let z be y(26). Suppose 0 = 3*g + z, 2*v - 3*g + g - 36 = 0. Calculate the remainder when v is divided by n.
6
Let l(o) be the first derivative of -1/4*o**4 - 20*o - o**2 - 4/3*o**3 + 8. Calculate the remainder when 57 is divided by l(-5).
12
Let w(y) = y**2 - 18*y + 4. Let k be w(18). Suppose 76 = k*z + 2*v, -2*z - 95 = -7*z + v. What is the remainder when 129 is divided by z?
15
Let d be (1/2)/((-3)/(-2))*3. Suppose -d = 9*z + 53. What is the remainder when 81 is divided by ((-2)/z)/((-1)/(-84))?
25
Suppose h = 4*o - 85, 4*h + 46 = 2*o - 0*h. Suppose 26*i - o*i - 530 = 0. What is the remainder when i is divided by 11?
7
Let i(p) = -p**3 + 5*p**2 + 2*p - 3. Suppose g - 26 = -18. Suppose -g*u - 57 = -11*u. What is the remainder when u is divided by i(5)?
5
Let m(j) = 7*j - 22. Let o be m(-34). Let i = 288 + o. What is the remainder when 43 is divided by i?
15
Let r = 19670 - 19530. Calculate the remainder when 4336 is divided by r.
136
Let c = 267 + -267. Suppose c = -269*t + 258*t + 319. Calculate the remainder when t is divided by 9.
2
Let z(o) = -13*o - 502. What is the remainder when 205 is divided by z(-39)?
0
Let u = 99 - 97. Suppose 0 = u*s - 6*s + 276. Let c = 63 - 45. Calculate the remainder when s is divided by c.
15
Let o(y) = y**3 - 7*y**2 - 17*y - 7. Let t be o(9). Suppose 0 = 4*h + t*h + 6. Calculate the remainder when 30 is divided by 4/h*-1 + 4.
6
Suppose 2*w - 6*w + 20 = 0. Suppose v - 22 = -w*a, a - v - v = 0. Calculate the remainder when 191/a - (-1)/4 is divided by 17.
14
Suppose -3*p - 472 - 23 = 0. Let o = p - -314. Suppose -2*j - j + 90 = 3*g, 4*g = 20. Calculate the remainder when o is divided by j.
24
Let g(s) = -16*s**2 + 9*s - 39. Let w(q) = -7*q**2 + 4*q - 20. Let r(c) = 3*g(c) - 7*w(c). What is the remainder when r(0) is divided by 3?
2
Let x(p) = -5*p + 1640. Calculate the remainder when x(61) is divided by 8.
7
Calculate the remainder when 193 is divided by 580/(-400)*-10*2.
19
Let s = 56 - -79. Let n = 17153 - 17107. What is the remainder when s is divided by n?
43
Let f be (-92)/(-20)*2*10/(-2). Let w = 73 + f. Let u(j) = -j**3 + 6*j**2 + 18*j - 10. What is the remainder when w is divided by u(8)?
3
Let n(l) = 2*l**2 - 184*l - 745. What is the remainder when 801 is divided by n(-4)?
19
Suppose -4*f = -f + 3. Let c(b) = -20*b**3 - b**2 - b - 1. Let u(p) = p**2 - 16*p + 37. What is the remainder when u(16) is divided by c(f)?
18
Let b = 251 + -248. Suppose b*p = -19 + 91. What is the remainder when 214 is divided by p?
22
Suppose -3*o + 221 = -121. Let n = o + -68. Suppose 3*w - 53 = n. What is the remainder when w is divided by 19?
14
Suppose 3*s = 4*m + 28 + 33, -3*m - 12 = 0. Let l(j) = -26*j**2 + 7 + 27*j**2 + 3*j - 2. What is the remainder when s is divided by l(-4)?
6
Suppose 136*t + 235*t = 138012. What is the remainder when 759 is divided by t?
15
Suppose -14 = -d - i, 4*i + 18 = 2*d + i. Calculate the remainder when -6 + (-4680)/(-35) + (18/14 - 1) is divided by d.
8
Let k(n) = 23*n - 2. Suppose -6*h = 10*h - 32. Calculate the remainder when 307 is divided by k(h).
43
Let a(b) = 23*b**2 - 2*b + 1. Let w = -326 + 498. Suppose -9*q - w = -13*q. What is the remainder when q is divided by a(1)?
21
Let z(p) = -84*p + 8237. What is the remainder when 4301 is divided by z(98)?
1
Let v(n) = -10*n + 53. Let x be v(-9). Let i = x - -484. What is the remainder when i is divided by 63?
60
Calculate the remainder when 12*(-1500)/(-45) + 0 + -4 is divided by 193.
10
Suppose -5*u + z = -2678, -z = 74*u - 71*u - 1610. Let s = u - 453. Suppose 12 + 0 = d. What is the remainder when s is divided by d?
11
Suppose -f - 4865 = -4*l + 1075, -l + 1485 = 5*f. Suppose 4*m + 1272 = 2*q, 4*q = -4*m + l + 1011. What is the remainder when q is divided by 9?
7
Let t(d) = 2542*d**2 + 84*d + 269. What is the remainder when t(-3) is divided by 144?
143
Let i(l) be the third derivative of 5*l**4/12 - l**3 - 31*l**2. Let o be i(2). Suppose -2 - o = -2*j. Calculate the remainder when j is divided by 2.
0
Let o(x) = -389 + 4*x**2 - 5*x**3 - 3*x + 9*x + 210 + 193 + 9*x. W